8 - -1085. Calculate m(l).
6
Let u(k) = 41*k**3 + 1. Let n be u(1). Suppose -57 = -2*z + 43. Let f(i) = 0*i + i - z + n - 4*i. What is f(-6)?
10
Suppose 2*b + 19 = 51. Suppose m = -2*z - 2*z - 18, -4*z = b. Let t(p) = 9*p - 1. Determine t(m).
-19
Let x(y) = 5*y + 3. Let z(l) = -58*l - 68. Let h(p) = -10*x(p) - z(p). Determine h(-5).
-2
Suppose 0 = 4*i - 2*l - 14, 5*i - 3*l = l + 22. Let t be -1*(0 - 1 - i). Suppose 9*h = t*h - 30. Let c(m) = -m**2 - 6*m + 3. Give c(h).
8
Suppose 2*x - 11 = 9*y - 4*y, -2*x = -y - 7. Let p(g) = x + 61*g - 135*g + 71*g. Calculate p(4).
-9
Let o(g) = -g**3 - 3*g**2 + 27*g - 15. Let p(s) = -s**3 - s**2 + 26*s - 17. Let i(m) = -3*o(m) + 2*p(m). Determine i(-10).
1
Let q = -182 - -174. Let x be (-15)/24*q*2/(-5). Let f(d) = -d**2 - 1. Determine f(x).
-5
Let r(v) = -4*v + 34 + 435*v**2 - 13*v - 434*v**2 - 36. Let m(h) = 3*h - 61. Let a be m(26). Calculate r(a).
-2
Suppose 5*o - 3*n - 38 = 0, -10*n - 24 = 2*o + 28. Let w(v) = -v**3 - v**2 + 21*v - 2. Give w(o).
2
Let a = -34 - -39. Suppose -4*s - 4*b = -12, -s + b = s - 6. Let c(h) = -3*h**3 + 3*h - a*h**2 + 4 - h - h**s + 3*h**3. Calculate c(-6).
28
Let c(g) = g**3 + 6*g**2 + 11*g + 8. Suppose 46*b + 4 = 45*b. Determine c(b).
-4
Let v(y) = -y**3 - 5*y**2 + 7*y - 1. Suppose -8*c - 26 = -9*c + 4*r, -115 = -4*c + 5*r. Suppose 251*q + c = 246*q. What is v(q)?
-7
Let l = -12040 - -12044. Let w(n) = -n**3 + 10*n - 5. Give w(l).
-29
Let o be (-55)/(-3) + -7*13/273. Suppose -86*n + o = -83*n. Let k(m) = -7*m + m**2 + 2*m**2 - 2*m**2 + 8. Calculate k(n).
2
Let n(r) = -15*r + 49. Let d be ((-40)/36)/(510/(-1836)). Calculate n(d).
-11
Let j(k) = k**2 - 104*k + 855. Let z be j(9). Let o(p) = -p**3 - 3*p**2. Determine o(z).
0
Suppose 5*h - 1114*i + 1118*i - 2 = 0, 0 = 5*h + 5*i - 5. Let j(v) = -v**3 - 6*v**2 - 4*v. Calculate j(h).
-8
Let r(n) = n**2 - 15*n + 11. Suppose -2*s = -3*x + 54, -x + 5*s - 40 = -6*x. Give r(x).
-3
Let p(m) = m**3 - m**2 + 4. Let s(z) = -7*z**3 + 15*z**2 - 9*z - 43. Let o(l) = 8*p(l) + s(l). What is o(-8)?
-3
Suppose 0 = 15*i - 21*i - 60. Let w(h) = 49*h + 6 + 4 - 48*h. Determine w(i).
0
Let h(x) = -533*x**2 + 13*x + 18. Let u(l) = -206*l**2 + 5*l + 7. Let i(z) = -5*h(z) + 13*u(z). Suppose 0 = 2*j + 3*j - 15. Let c = 4 - j. Determine i(c).
-12
Let n be 3*14/189 - 104/(-18). Let m(z) = -z + 8*z + 16 - n - 2*z**2 - z**3 - 7 - 2*z. Determine m(-3).
-3
Let v(g) be the second derivative of 7*g**4/12 + 43*g**3/6 - 19*g**2 - 7282*g. Give v(-7).
4
Let f(y) = 3*y**3 + 9*y**2 - 10*y + 2. Let g(z) = -10*z**3 - 28*z**2 + 32*z - 9. Let n(r) = -13*f(r) - 4*g(r). What is n(5)?
20
Let p(g) be the first derivative of 3*g**2/2 + 15*g - 14906. Suppose 2*k = 8, -n + 0*n = -5*k + 26. What is p(n)?
-3
Let t(k) = -k. Suppose 1 + 293 = -7*o. Let m be (-3)/2 - o/(-28). Determine t(m).
3
Let g(k) be the first derivative of k**4/4 - 5*k**3/3 - 3*k**2/2 - 10*k + 640. Give g(5).
-25
Suppose -3*c + 44 = c. Let a(v) be the third derivative of -v**6/120 + v**5/6 + 5*v**4/12 + 5*v**3/6 + v**2 - 93*v. Give a(c).
-6
Let w(g) be the first derivative of -g**4/4 - 14*g**3/3 + 8*g**2 + 36*g + 5671. Calculate w(-15).
21
Let d(s) be the third derivative of -1/60*s**5 + 0*s + 7/3*s**3 + 11/24*s**4 - 145*s**2 + 0. What is d(12)?
2
Let r(t) = 5*t**2 + 10*t + 32. Let f(w) = 2*w**2 + 5*w + 15. Let i(d) = -7*f(d) + 3*r(d). Suppose 0 = -3*v - 12, 0 = 3*s - s - v - 16. Calculate i(s).
-3
Let z(n) = n**3 + 5*n**2 - 15*n - 2. Let r be -18 - (-2 + 13 - (-23 - -45)). Give z(r).
5
Let n(d) = 2*d**2 + 6*d - 1. Suppose -2*z - 85 = -75, z + 11 = -2*f. Give n(f).
-1
Let u(v) = v + 55. Suppose -12*b + 151*b = -96*b + 3995. Give u(b).
72
Let p = 247 - 248. Let z(w) = -4*w**2 - 6*w**2 + 3*w + 6*w**2 - 3 - 3. Let x(v) = -3*v**2 + 2*v - 5. Let y(a) = -5*x(a) + 4*z(a). What is y(p)?
-2
Suppose -2*f = -5*d - 22, 5 = 2*f + 5*d + 3. Let a(x) = 4*x + 8*x**2 - 9*x**2 + 2*x - 4 + 2*x**2 - 2*x**2. Give a(f).
-4
Let o be -2 + (8/2 - -3). Let a = 12 + -9. Let b(j) = -2 - 5 + 1 - 2*j**2 - 2*j + a*j**2. Calculate b(o).
9
Let b(s) = -14*s. Let a(q) = -122*q - 374. Let f be a(-3). Calculate b(f).
112
Let x(o) be the third derivative of o**6/120 + o**5/20 - o**4/12 - o**3/2 - 242*o**2. Calculate x(-3).
3
Let o(k) be the second derivative of k**3/2 + 111*k**2/2 + 1865*k. What is o(-37)?
0
Let l = 125 + -129. Let o(m) = -2*m**2 - 7*m + 11. Let n(r) = 3*r**2 + 8*r - 13. Let w(h) = l*o(h) - 3*n(h). Calculate w(6).
-17
Suppose 2*o + 12 + 18 = 0. Let f(v) be the first derivative of v**3/3 + 15*v**2/2 - 5*v - 358. Give f(o).
-5
Let v be (-2)/2 + (-5 - (9 - 18)). Let r(a) = -13 - 1365*a - a**3 + 1373*a + 6*a**2 + v. Determine r(7).
-3
Let o(m) = -3*m**3 + 17*m**2 - m - 42. Let n be o(5). Let q be (162/(-30))/n*(-4 - -9). Let v(w) = -4*w - 17. Calculate v(q).
19
Let l(i) = 0*i**2 - 4*i**2 + 7 + i**3 - 9*i + 2. Suppose -a - 3*v + 8 - 11 = 0, -5*v = -a + 21. What is l(a)?
27
Suppose -42 = -5*z - 4*y, -3*y = -0*z - z - 3. Let v(d) = -3 + 1 - 236*d - z + 238*d. Calculate v(7).
6
Let g(m) = -16*m**2 + 165*m + 106. Let d(c) = 3*c**2 - 30*c - 21. Let k(t) = 11*d(t) + 2*g(t). Calculate k(10).
81
Let k(b) = 2*b**2 - 2*b. Let n = 336 - 312. Suppose -21 = -15*m + n. Calculate k(m).
12
Let m(y) = -13*y. Let u(s) = 63*s - 94. Let i(g) = 6*m(g) + u(g). Calculate i(-7).
11
Let p = 12384 + -12387. Let w(u) = 5*u**2 + 3*u. Determine w(p).
36
Let k(p) = -p**2 - 5*p - 6. Let j be 34/(-14) - 10/175*10. Give k(j).
0
Let a(u) = 4*u**2 - 15*u - 20. Let y(x) = x**2 - 7*x - 8. Let c(r) = 2*a(r) - 5*y(r). Determine c(4).
68
Suppose 5*t + 3*t - 40 = 0. Suppose 5*u - 21 = q, 2*u = t*u + 5*q - 7. Let y(h) = -3 - u*h + 4 + 5 + 5*h. Determine y(0).
6
Suppose -75 = -7*t - 61. Let a(j) = 33*j - 9*j - 24*j - 10*j**t - 1. What is a(-1)?
-11
Let o(k) = -269 - 2*k**2 - k + 135 + 138 - 4*k**3 + k**3 + 2*k**3. Determine o(3).
-44
Let x(f) = -2*f**2 + 7*f - 3. Let v(j) = -3*j**2 + 8*j - 3. Let a(h) = 3*v(h) - 4*x(h). Suppose 5*i = 25, 7*y + 3*i = 9*y + 23. Give a(y).
3
Let w(s) = 57*s**3 + 9 - 116*s**3 - 15*s**2 + 48 + 58*s**3 + 4*s. What is w(-15)?
-3
Let j(c) = -14*c**3 - 7*c**2 + 2*c + 7. Let o(u) = -18*u**3 - 8*u**2 + 7. Let i(z) = -4*j(z) + 3*o(z). What is i(-3)?
-1
Let z(k) = -15*k**3 + 5*k**2 - 7*k - 3. Let u(p) = -15*p**3 + 6*p**2 - 8*p - 3. Let h(d) = 4*u(d) - 5*z(d). Give h(-1).
-16
Suppose 5*q + 14 = 4. Suppose -v + 12 = 3*l - 153, 0 = -4*l - 3*v + 215. Let f(k) = 17*k + 18*k - l*k + 20*k. Calculate f(q).
2
Let p(c) = 3*c - 76. Let d(q) = 5*q - 161. Let n(o) = 4*d(o) - 9*p(o). Calculate n(6).
-2
Let f = -36 + 38. Let q(v) = 8*v - 3*v + f*v - 1 + 2*v. Let y(z) = z + 9. Let c be y(-8). Determine q(c).
8
Let f(t) be the third derivative of 0 + 1/3*t**4 + 7/60*t**5 + 61*t**2 + 4/3*t**3 + 0*t - 1/120*t**6. Give f(8).
8
Let j(c) be the first derivative of c**2 - 7*c - 993. Give j(4).
1
Let f(j) = j**2 + 3*j - 4. Let p(l) be the second derivative of -7*l**3/6 + 9*l**2/2 + 3*l - 50. Let o be p(2). Give f(o).
6
Let a(f) be the first derivative of -10*f**4 + 4*f**3/3 + f**2 - f - 2101. What is a(-1)?
41
Let q = 282 + -256. Let y(p) = 1 - 8*p - 6 - 8*p - 11*p + q*p. Calculate y(-5).
0
Let z(w) be the third derivative of -w**6/720 - w**5/20 - w**4/24 + 7*w**3/6 + 190*w**2. Let j(p) be the second derivative of z(p). Calculate j(-2).
-4
Let d(f) = -f**2 + 2*f - 1. Let q be (1 + 1)/(0 - -1). Let a be (-3431)/(-584) + 1/8. Suppose -q*z + 9 = g, 15 = -a*g + g. Determine d(z).
-25
Let n be (-52)/(-182)*(-1)/(-2)*-49. Let f(b) be the first derivative of b**3/2 + 5*b**2 + b + 2. Let x(s) be the first derivative of f(s). Determine x(n).
-11
Let l be ((-45)/((-405)/(-12)))/(8/6). Let c(p) = p**2 + 4*p + 1. What is c(l)?
-2
Let a be (-10)/(-4)*(-4860)/1350. Let o(z) = -z**3 - 11*z**2 - 19*z - 20. Give o(a).
-11
Suppose 5*q = 0, -2*j + 3 + 1 = -3*q. Let v(l) = -2*l - l + l**j - 4*l + 2. Let h = 1430 + -1427. Determine v(h).
-10
Let n(o) = 5*o**2 - 7*o + 10. Let c(k) = 2*k**2 + 2*k - 1. Let x = 152 - 151. Let d(p) = x*n(p) - 2*c(p). Calculate d(9).
-6
Suppose 0 = 3*l - l + 1890. Let j be l/55 - (72/(-33) - -2). Let r = j - -18. Let z(v) = -15*v**3 - 2*v**2 + 2*v - 1. What is z(r)?
-16
Suppose -q = -3*s + 64, 5*s - 68 = 5*q + 32. Suppose 24*v - 34 = s*v. Let o = -15 + v. Let x(k) = -2*k**3 